ase 7
33025443
110100110101100111011 (base 2) to base 9
3228013
Convert 100001214 (base 5) to base 6.
12213145
Convert -3365a4 (base 14) to base 8.
-6522604
10011101011110000111110 (base 2) to base 16
4ebc3e
b1cb6 (base 13) to base 11
1a8367
What is -30221332 (base 5) in base 4?
-323012230
c9b081 (base 13) to base 14
8b4377
What is 10111100010100100001101 (base 2) in base 5?
3034432033
What is 3ed7e1 (base 16) in base 5?
2023242442
-32231330323 (base 4) to base 10
-3858235
Convert 322341010 (base 5) to base 16.
14ecf4
-12340548 (base 10) to base 11
-6a69700
Convert -1111000122120 (base 3) to base 12.
-31ba96
Convert 1e6e9 (base 15) to base 12.
49670
Convert -12823703 (base 10) to base 5.
-11240324303
What is 3402132 (base 5) in base 13?
2120a
-6252656 (base 7) to base 16
-b7b96
-3144132 (base 5) to base 3
-2200202112
Convert -244312222 (base 5) to base 13.
-31ac97
-17365101 (base 8) to base 16
-3dea41
What is -14400 (base 7) in base 13?
-1a64
-117623 (base 10) to base 3
-12222100102
What is -42211155 (base 7) in base 5?
-1403102132
Convert 50083 (base 10) to base 8.
141643
What is 6a5189 (base 12) in base 2?
110100001010010111001
Convert 1084300 (base 14) to base 3.
112202202000112
-1010110000000110101111 (base 2) to base 10
-2818479
Convert -11000011212021 (base 3) to base 16.
-207d9c
Convert 20254655 (base 7) to base 6.
100152255
Convert -11010111000100000 (base 2) to base 7.
-636012
Convert -13d5d1 (base 14) to base 8.
-2503363
Convert 1f8a7 (base 16) to base 2.
11111100010100111
-101130033 (base 4) to base 12
-35413
What is 37561 (base 13) in base 9?
164807
Convert -101111110110110001 (base 2) to base 5.
-22233032
-1141450 (base 6) to base 4
-32221212
Convert -4421214 (base 6) to base 4.
-311313022
221221021201 (base 3) to base 15
a13dd
Convert 945157 (base 13) to base 12.
11b2517
-1121111022200 (base 3) to base 11
-535205
What is 17677 (base 10) in base 7?
102352
-c099 (base 16) to base 13
-19599
Convert -44e7 (base 16) to base 9.
-26168
Convert 55446555 (base 7) to base 9.
10002866
What is -141031 (base 12) in base 9?
-557471
-1010121220110 (base 3) to base 12
-250a26
What is -2342342442 (base 5) in base 12?
-19a08b6
-630a1 (base 11) to base 4
-112130232
What is -1160916 (base 10) in base 4?
-10123123110
What is -7a317a3 (base 11) in base 14?
-1c1d09d
Convert -725661 (base 8) to base 2.
-111010101110110001
Convert 3405368 (base 9) to base 11.
104329a
What is 10a3d (base 16) in base 8?
205075
What is -3321745 (base 10) in base 5?
-1322243440
-68a (base 12) to base 8
-1712
1001001001100000100100 (base 2) to base 15
3258ce
Convert -17613 (base 10) to base 5.
-1030423
1ab23 (base 15) to base 4
111031203
1421333312 (base 5) to base 13
9c69a5
What is 1604523 (base 7) in base 9?
364853
22dbb (base 16) to base 12
6a763
644 (base 8) to base 10
420
Convert -5104bd (base 14) to base 15.
-38d692
Convert -10110011010100101011100 (base 2) to base 12.
-1b745b8
-2042334312 (base 5) to base 11
-2450a83
11110101011011111110101 (base 2) to base 11
45a3490
What is -336494 (base 10) in base 4?
-1102021232
Convert 211222121200020 (base 3) to base 8.
56462500
Convert -3605040 (base 9) to base 7.
-22410555
11101100001010111111 (base 2) to base 10
967359
Convert 12213433444 (base 5) to base 7.
235016121
What is -2304f (base 16) in base 4?
-203001033
Convert 1310033303 (base 4) to base 16.
743f3
What is -110303133023 (base 4) in base 5?
-2344010041
-540326 (base 8) to base 10
-180438
-901835 (base 10) to base 3
-1200211002022
What is -1261477 (base 8) in base 13?
-c4937
Convert 1663895 (base 11) to base 4.
22303012322
3606620 (base 7) to base 15
90255
Convert 1542451 (base 7) to base 5.
23242311
Convert 637167 (base 8) to base 5.
23300344
-31412 (base 13) to base 6
-1522015
-214b85 (base 12) to base 7
-4323302
10232132232 (base 4) to base 12
4b8ba6
What is -134408 (base 9) in base 11?
-56658
-14230100 (base 5) to base 12
-7211b
What is 42022440 (base 5) in base 9?
575674
What is 2000111102220 (base 3) in base 15?
162c70
What is -2022781 (base 10) in base 4?
-13231311331
What is -1221014040 (base 5) in base 2?
-1011000101110100000011
What is 12521025 (base 6) in base 15?
82e38
11320 (base 9) to base 14
2a75
-10003031 (base 4) to base 5
-1012324
-31313 (base 9) to base 4
-11002323
-94181 (base 11) to base 2
-100001100001010111
What is 144642 (base 11) in base 7?
1630023
Convert 1d5d92 (base 15) to base 7.
15134531
305411545 (base 6) to base 15
6ebc88
What is -2001133321 (base 5) in base 6?
-220102040
What is a140 (base 12) in base 2?
100010001000000
Convert 2807386 (base 9) to base 2.
101111000001001011010
-a778b (base 12) to base 9
-365508
Convert -c7aba (base 16) to base 14.
-17409c
-ddb73 (base 16) to base 6
-31244215
-34244522 (base 6) to base 2
-11111111111010100010
Convert 15107860 (base 9) to base 2.
11100101000010010000100
What is -205741 (base 8) in base 2?
-10000101111100001
1ec17 (base 15) to base 3
12002222211
What is -9997614 (base 10) in base 11?
-57093a0
What is -1000110010101110110 (base 2) in base 10?
-288118
Convert -9672036 (base 10) to base 15.
-cb0bc6
Convert 52042025 (base 6) to base 15.
1e9085
-4a90a (base 12) to base 7
-602002
3048d0 (base 14) to base 2
110001101000001010110
Convert -1849b55 (base 12) to base 10.
-5076785
Convert 6a0802 (base 12) to base 2.
110011111011010000010
Convert -197b38 (base 14) to base 11.
-568a21
100110111011011111001 (base 2) to base 16
1376f9
Convert a039a (base 13) to base 5.
33124434
Convert -1121313230 (base 4) to base 5.
-43234413
-13530445 (base 7) to base 4
-10311203311
-1183a (base 13) to base 10
-32159
Convert 35ec1 (base 15) to base 7.
1314460
70647 (base 13) to base 9
335643
238778 (base 10) to base 5
30120103
53d9b (base 16) to base 4
1103312123
Convert 6843cc (base 13) to base 3.
11122021022120
What is 3130112 (base 5) in base 14?
14cb9
What is -22475 (base 8) in base 7?
-36536
Convert 1e2ee (base 15) to base 11.
68050
What is 10111010011110110 (base 2) in base 13?
345c6
Convert 3388914 (base 13) to base 7.
251440215
What is -1204034120 (base 6) in base 9?
-27571523
-563411 (base 9) to base 14
-8ac0c
Convert 68c2b3 (base 16) to base 6.
403053043
11456352 (base 7) to base 16
f9acb
What is -9084960 (base 11) in base 14?
-21c37ba
Convert 1525342 (base 6) to base 7.
521321
7745664 (base 9) to base 16
3f8917
What is 5378763 (base 10) in base 3?
101010021021110
What is 34401035 (base 8) in base 16?
72021d
Convert 122646 (base 10) to base 7.
1020366
-33001022020 (base 4) to base 13
-a7ac3a
Convert 645654 (base 12) to base 4.
12003011200
1279a (base 14) to base 8
130544
-230123321 (base 4) to base 7
-1355432
152287 (base 15) to base 7
11445154
-210f (base 16) to base 10
-8463
-59811 (base 14) to base 9
-362471
What is -752a0a (base 11) in base 6?
-41452044
Convert 6c12 (base 15) to base 2.
101100110110111
What is 10000010110100 (base 2) in base 6?
102432
-122010132 (base 4) to base 3
-12102110220
Convert -a15aa (base 11) to base 7.
-1155563
Convert 63b9d (base 14) to base 5.
30203043
What is 10100001110100001101100 (base 2) in base 11?
2aa1836
What is 122274 (base 13) in base 12?
18a876
Convert 3807461 (base 9) to base 16.
1f9e85
What is -11aea (base 15) in base 5?
-3301340
Convert 316225 (base 9) to base 15.
3abb2
1202210220212 (base 3) to base 9
1683825
Convert -247767 (base 8) to base 2.
-10100111111110111
What is 1201541 (base 6) in base 11?
43066
-310212203203 (base 4) to base 10
-13789411
258cda (base 14) to base 8
4733700
Convert 2b0b09 (base 12) to base 15.
e57a3
2041610 (base 7) to base 2
111011111100101010
-34e819 (base 15) to base 16
-2699a3
1033330033 (base 4) to base 13
b6068
11011112200 (base 3) to base 11
56706
Convert 17a8a (base 14) to base 4.
32210322
Convert -125141 (base 10) to base 13.
-44c63
What is -110312213003 (base 4) in base 10?
-5466563
Convert 4050aa (base 13) to base 5.
340340142
What is -d0b0a (base 15) in base 14?
-132a66
What is -1956092 (base 12) in base 7?
-63246302
1100010101000111001110 (base 2) to base 5
1311412311
-1449a (base 16) to base 6
-1440414
-4a2aa (base 14) to base 6
-3520542
What is -1006346 (base 8) in base 7?
-2153616
Convert -14055512 (base 6) to base 15.
-95808
12153533 (base 7) to base 5
234321301
What is -52732 (base 9) in base 8?
-104053
1010100011